g(y) = -y**3 + 3*y**2 - 3*y + 2. Let w = 336 + -333. Let r be w*3/9 - (-11 + 10). What is g(r)?
0
Let o(q) be the third derivative of 11*q**4/24 + q**3/3 - 3*q**2 + 3*q. Let y(d) = 13*d + 2. Let w(z) = 6*o(z) - 5*y(z). What is w(-3)?
-1
Let k(h) = 8*h**2 - h. Let c(a) = 5*a - 53. Let r be c(25). Let d be 12/r + 10/12. Give k(d).
7
Let a(n) = -n**2 + 14*n + 1. Let k(v) = -9*v**2 + 44*v + 3. Let s(d) = -d**2. Let g(i) = k(i) - 6*s(i). Let m(z) = 7*a(z) - 2*g(z). Determine m(10).
1
Let n(i) = 4*i + 458*i**2 + 9 - 928*i**2 + 461*i**2. Let w(t) = -4*t**2 + 2*t + 5. Let z(y) = -6*n(y) + 11*w(y). Calculate z(2).
37
Let t be 58 + -77 - (-12 - 3). Let y(m) = -m - 23. What is y(t)?
-19
Let r(m) = -m**2 + 3*m + 2. Suppose 26 - 78 = 13*i. Let j be (-2)/(-6)*(18 - 15) + i. Determine r(j).
-16
Suppose 5*x = 3*i + 48, -1 = 3*x - 2*i - 30. Let k(w) = -w**3 + 9*w**2 - w + 10. Let o be k(x). Let z(a) = -1 + 0 - 209*a + 2*a**3 + 210*a. Determine z(o).
2
Let f(a) be the third derivative of -a**4/2 + a**3/3 - a**2 - 313*a. What is f(-3)?
38
Let r(p) = 38 - 5 - 5 - 16 - 13. Suppose -4*y + 5*c - 35 = 0, 0*y + 3*c = 2*y + 19. Let k(v) = v**2 + 11*v + 17. Let q(w) = y*r(w) - k(w). Give q(-8).
12
Let t(g) be the first derivative of 5*g**3/3 + g**2 - 2. Suppose 4*y - 40 = -32. Let x be -6 + y - 2/5*-5. Calculate t(x).
16
Let p(v) = v**3 + 5*v**2 - 2*v + 16. Suppose 0 = x + 2*d + 7, 4*x + 23 = -788*d + 785*d. Give p(x).
26
Let u(l) = -2*l + 474 + 550 - 972 - 5*l. Let p be u(8). Let c(n) be the third derivative of n**5/60 + n**4/4 + n**3 - n**2. Determine c(p).
-2
Let s(q) = -q**3 - 2*q**2 - 2*q - 3. Let p(m) = 2*m**3 + m**2 + 4*m + 7. Let l = -57 - -61. Let d(y) = l*p(y) + 7*s(y). Calculate d(10).
27
Let l = -591 - -593. Let n(f) = -1 - 368*f**l + 13*f - 1 - 6 + 367*f**2 + 1. Give n(11).
15
Let r(l) = -16*l - 94. Let w be r(-6). Suppose -6 = -2*v + d, -9 = w*v - 5*v - 3*d. Let g(p) be the first derivative of -p**3/3 - p**2 + 2. Give g(v).
-15
Let k(c) = -6*c**3 - 7*c**2 - 44*c - 2. Let d(t) = 7*t**3 + 7*t**2 + 61*t + 2. Let x(z) = 2*d(z) + 3*k(z). Calculate x(-1).
5
Let w(t) = t**3 - t - 13. Let p be (-6)/18 + (-116)/(-6) + -3. Suppose -7*x = -3*x - p. Suppose x*l = l. Give w(l).
-13
Let a(d) be the third derivative of -5*d**4/8 + 13*d**3/6 + 11446*d**2. Give a(3).
-32
Let u(z) = 31*z**3 + 2 - 39*z - 6 + 22*z**2 + 36*z. Let m(k) = 22*k**3 + 15*k**2 - 2*k - 3. Let t(d) = -7*m(d) + 5*u(d). What is t(-5)?
6
Let f be (1012/(-44) + 16)/((-1)/(1 + 0)). Let o(r) = 4*r - 27. Calculate o(f).
1
Let a = -18 + 12. Let p(o) = 8*o + 42. Let i(m) = 10 - 131*m - 132*m + 265*m. Let v(k) = 9*i(k) - 2*p(k). What is v(a)?
-6
Let r(q) = -953*q + 1910*q + 5 - 952*q. Let z be (-1 + 3)*-1 + -3. Let d be (-36)/10 - (-2)/z. Determine r(d).
-15
Let n = 427 + 76. Suppose n - 489 = 7*q. Let m(h) = -h + 2. Give m(q).
0
Let t(m) = m**2 - 88*m + 263. Let r be t(3). Let q(o) = -3*o - 9. Calculate q(r).
-33
Let o(i) = i**3 - 16*i**2 + 15*i + 10. Let j(b) = 2*b + 5*b - 3*b**2 + 12*b**2 + 19*b**3 + 16*b**3 - 36*b**3 - 48. Let s be j(9). What is o(s)?
10
Let l(o) = 0 - 18 + 4 - 4*o**3 + 5 + 7 - 2*o + 10*o**2. Give l(4).
-106
Let k be (-3 - -5)*(-1 - 0) + 5. Let b(r) = 4 - 2 - k + 19*r - 12*r. Determine b(2).
13
Let s(w) = w**2 - 13*w - 470. Let h be s(29). Let b(y) = -6*y - 45. Determine b(h).
-9
Let x(b) = -b**3 + 4298*b - 4307*b - 9*b**2 + 12*b**2. What is x(4)?
-52
Let h(f) = -f**2 - 5*f - 1. Let n be h(-2). Suppose -l - n*l = -6. Let r(i) = i + 4 - 1 + l. Give r(-6).
-2
Let g(d) = 5*d - 3. Suppose 0 = 4*p + 5 + 211. Let o be (22/33)/((-4)/p). Suppose 9*c - 11 = 6*c - 2*x, 4*c - o = 3*x. Give g(c).
12
Let z(n) = n**3 + 10*n**2 - 12*n - 13. Let x be 242*(1 + 12/(-8)). Let c be 22/x + (-519)/(-11). Suppose -5*g - c - 8 = 0. Determine z(g).
-2
Let a(y) = -276*y + 1926. Let j be a(7). Let b(r) = -4*r + 4*r**2 + 3*r**2 + r**3 + 11*r - 2. What is b(j)?
-8
Let j(r) = -5*r - 19. Let c(h) = -h. Let i(g) = 2*c(g) - j(g). Let k be i(0). Let n be (-1 + 6/4)*(k - 19). Let u(t) = t**3 + t - 1. Determine u(n).
-1
Let h(q) be the first derivative of -4*q**4 - 14*q**3/3 - 5*q**2/2 + 293. Let m(t) = -13*t**3 - 13*t**2 - 6*t - 1. Let u(s) = -4*h(s) + 5*m(s). Calculate u(-7).
-33
Let q(o) = -27*o**3 - 247*o**2 + 16*o - 7. Let t(d) = -7*d**3 - 66*d**2 + 4*d - 2. Let u(j) = 4*q(j) - 15*t(j). Give u(-2).
26
Let l(w) = -w**2 - w - 2. Let n(t) = t**2 + 1. Let q(k) = -6*l(k) - 5*n(k). Let b be q(-5). Let f(p) = 1 - 3*p**b - 2 - p**2. Determine f(2).
-17
Let w(r) = r**2 - 10*r + 15. Let f(i) = 3*i**2 + 89*i - 4. Let l(q) = q**2 + 45*q - 1. Let x(y) = -4*f(y) + 10*l(y). Let s be x(47). Calculate w(s).
-9
Let o(a) = -5*a**2 + 9*a - 1. Let v = 85 - 81. Determine o(v).
-45
Let p(b) = 4148*b + 33 + 3*b**3 + 126 - 37*b**2 - b**3 - 4175*b. Determine p(19).
7
Let z(g) = 19*g - g**2 - 44*g + 533 + 21*g + 11*g - 542. Give z(2).
1
Let m(i) = i**3 - 5*i**2 + 8*i + 14. Let l = 26972 + -26966. What is m(l)?
98
Let w = -236 + 264. Suppose 0 = -15*r + w*r. Let z(h) = -2*h - 5. Determine z(r).
-5
Let l(q) = q**3 - 100*q**2 - 123*q + 2225. Let y be l(101). Let c(t) = 2*t**2 - 3. Calculate c(y).
15
Let p(u) be the second derivative of -2*u**3/3 - 67*u**2/2 - 5292*u. Calculate p(-10).
-27
Let q(o) = -14 + 20*o - 79*o + 23*o + 24*o + o**2 + 20*o. Calculate q(-7).
-21
Let n(a) be the first derivative of -103 + 5/2*a**2 - a**3 - 1/4*a**4 + 7*a. Calculate n(-4).
3
Let z(a) be the second derivative of -a**6/360 - 11*a**5/120 + 7*a**4/24 - 31*a**3/6 + a**2 - 3*a + 5. Let k(j) be the second derivative of z(j). Give k(-9).
25
Let t(j) be the first derivative of -6*j**2 + 25*j + 4490. Calculate t(2).
1
Let z be (0 - (-1 - (0 - 1)))/(-1). Suppose z = -2*s - 8*s - 70. Let j(g) = g**3 + 7*g**2 - 2*g + 8. What is j(s)?
22
Let v(p) = p**2 + 14*p + 1. Suppose 8*o + 80752 - 80672 = 0. Give v(o).
-39
Suppose 37 = 3*v + 5*w, -12*v + 19 = -11*v - 5*w. Suppose -v = c + 5*u, 3*u = c + u - 14. Let a(m) = -m**2 + 8*m - 15. Calculate a(c).
-3
Let w(p) = p**2 - 4*p - 7. Let f be w(6). Let y(k) = 3 - 11 + f + 15 - 4*k. Give y(5).
-8
Let q(a) be the first derivative of a**4/4 + 3*a**3 + a**2 + 10*a - 1338. Suppose -81 = 8*i + i. What is q(i)?
-8
Let y(n) = 3*n**3 - n**2 + n + 2. Suppose 0 = -314*c + 311*c - 3. Let x(o) = 3*o**3 + 3*o**2 + o - 1. Let s be x(c). Determine y(s).
-28
Let g be (891/(-1053))/(2/(-26)). Let d(i) = i + 54. Calculate d(g).
65
Let d(j) = 5*j + 83. Let m(i) = -4*i - 60. Let g(c) = 3*d(c) + 4*m(c). Give g(7).
2
Let z(a) = -a**3 + 22*a**2 - 123*a + 83. Let g be z(8). Let u(c) = 12*c + 43. What is u(g)?
-17
Suppose -2*j - 134 + 136 = 0. Let l be 60/3*(-2)/(-8). Let x(b) = -l*b**3 + 4*b**2 - 12*b**3 - 3*b**3 - 3*b**2. What is x(j)?
-19
Let z(p) be the third derivative of p**6/120 - 13*p**5/60 + 11*p**4/24 - p**3/6 - 2044*p**2. What is z(12)?
-13
Suppose 4*c - 4*v = -v - 80, -5*c - 100 = -3*v. Let u = c + 15. Let m(x) be the second derivative of -x**4/6 - x**3 + x**2/2 + 3*x. Determine m(u).
-19
Let s(i) = -10*i**2 - 3*i + 9. Let d be s(3). Let l = d - -92. Suppose l*t - 16 = -8. Let u(y) = -2*y**2 + 5*y + 1. Determine u(t).
-11
Let x(n) = 1 - 3 - 110*n + 109*n + 0. Let z = 292 + -285. Calculate x(z).
-9
Let x(k) = -7*k**3 + 33*k**2 + 13*k + 23. Let i(y) = 9*y**3 - 38*y**2 - 12*y - 22. Let m(z) = -4*i(z) - 5*x(z). Give m(-12).
33
Let k(o) = o**2 - 13*o - 35. Let d(v) = -7*v + 60. Let h be d(0). Suppose -65*i + h*i = -75. Give k(i).
-5
Let p(z) = -5 - 13 - 14*z + 7*z + 27*z**2 + 25. Let c(w) = -55*w**2 + 13*w - 13. Let f(m) = -6*c(m) - 11*p(m). What is f(1)?
33
Let q(o) = o**2 + 8*o + 6. Let p be q(-8). Let t = -195 - -199. Let l be (t/p)/(-4 + (-516)/(-126)). Let y(z) = z**3 - 8*z**2 + 8*z - 3. Calculate y(l).
4
Let z(u) = -513*u**2 + 9*u + 13. Let w(r) = 205*r**2 - 5*r - 7. Let k(g) = 5*w(g) + 2*z(g). Determine k(-3).
3
Let m(c) = c**3 - 6*c**2 + 2*c - 6. Let y be (-12)/(-90) + 2/(-15) - 0. Suppose 0 = 5*i - y*i. Suppose i = -10*d + 9*d + 6. Determine m(d).
6
Let j(p) = p - 8. Suppose 2 = -b + 5*o, 6 = 5*o + 1. Suppose 25 = -q - b*w - 11, q + 26 = -w. Let n = -13 - q. What is j(n)?
0
Let a(y) = -5*y**3 + 116*y**2 - 5*y + 2. Let r(w) = 26*w**3 - 642*w**2 + 24*w - 8. Let n(p) = -11*a(p) - 2*r(p). What is n(-4)?
-98
Let x(t) = 4*t - 5. Suppose 9*u + 2831 +